{"id":836,"date":"2023-11-07T23:20:13","date_gmt":"2023-11-07T22:20:13","guid":{"rendered":"https:\/\/www.sjovalla.se\/?page_id=836"},"modified":"2023-12-19T11:59:40","modified_gmt":"2023-12-19T10:59:40","slug":"finnsjon-runt","status":"publish","type":"page","link":"https:\/\/www.sjovalla.se\/index.php\/arrangemang\/finnsjon-runt\/","title":{"rendered":"Finnsj\u00f6n runt"},"content":{"rendered":"\n<figure class=\"wp-block-image size-large wp-duotone-unset-1\"><img loading=\"lazy\" decoding=\"async\" width=\"1024\" height=\"576\" src=\"https:\/\/www.sjovalla.se\/wp-content\/uploads\/2023\/11\/Finnsjon-Runt--1024x576.jpg\" alt=\"\" class=\"wp-image-861\" srcset=\"https:\/\/www.sjovalla.se\/wp-content\/uploads\/2023\/11\/Finnsjon-Runt--1024x576.jpg 1024w, https:\/\/www.sjovalla.se\/wp-content\/uploads\/2023\/11\/Finnsjon-Runt--300x169.jpg 300w, https:\/\/www.sjovalla.se\/wp-content\/uploads\/2023\/11\/Finnsjon-Runt--768x432.jpg 768w, https:\/\/www.sjovalla.se\/wp-content\/uploads\/2023\/11\/Finnsjon-Runt--1536x864.jpg 1536w, https:\/\/www.sjovalla.se\/wp-content\/uploads\/2023\/11\/Finnsjon-Runt--2048x1152.jpg 2048w, https:\/\/www.sjovalla.se\/wp-content\/uploads\/2023\/11\/Finnsjon-Runt--1360x765.jpg 1360w\" sizes=\"auto, (max-width: 1024px) 100vw, 1024px\" \/><figcaption class=\"wp-element-caption\"><em>L\u00f6rdagen den 16 december 2023 \u00e5teruppst\u00e5r det s\u00e4genomspunna loppet Finnsj\u00f6n runt. <\/em><\/figcaption><\/figure>\n\n\n\n<h2 class=\"wp-block-heading\">T\u00e4vlingscentrum<\/h2>\n\n\n\n<p><a href=\"https:\/\/maps.app.goo.gl\/eS319UFW5RtSM53Z9\">Finnsj\u00f6g\u00e5rden, Finnsj\u00f6v\u00e4gen 12<\/a> i M\u00f6lnlycke<\/p>\n\n\n\n<h2 class=\"wp-block-heading\">Datum<\/h2>\n\n\n\n<p>16 december 2023<\/p>\n\n\n\n<h2 class=\"wp-block-heading\">Distanser, klasser och starttider<\/h2>\n\n\n\n<figure class=\"wp-block-table is-style-regular\" style=\"margin-top:0;margin-right:0;margin-bottom:0;margin-left:0\"><table><thead><tr><th>Distans<\/th><th>Klass<\/th><th>Starttid<\/th><\/tr><\/thead><tbody><tr><td>1,1 km<\/td><td>Flickor -10 \u00e5r<\/td><td>10:00<\/td><\/tr><tr><td>1,1 km<\/td><td>Pojkar -10 \u00e5r<\/td><td>10:00<\/td><\/tr><tr><td>2,2 km<\/td><td>Flickor 11-12 \u00e5r<\/td><td>10:10<\/td><\/tr><tr><td>2,2 km<\/td><td>Pojkar 11-12 \u00e5r<\/td><td>10:10<\/td><\/tr><tr><td>5,6 km  (1 varv runt Finnsj\u00f6n)<\/td><td>Flickor 13-14 \u00e5r<\/td><td>10:40<\/td><\/tr><tr><td>5,6 km  (1 varv runt Finnsj\u00f6n)<\/td><td>Pojkar 13-14 \u00e5r<\/td><td>10:40<\/td><\/tr><tr><td>5,6 km  (1 varv runt Finnsj\u00f6n)<\/td><td>Flickor 15-16 \u00e5r<\/td><td>10:40<\/td><\/tr><tr><td>5,6 km  (1 varv runt Finnsj\u00f6n)<\/td><td>Pojkar 15-16 \u00e5r<\/td><td>10:40<\/td><\/tr><tr><td>5,6 km  (1 varv runt Finnsj\u00f6n)<\/td><td>Damer<\/td><td>10:40<\/td><\/tr><tr><td>5,6 km  (1 varv runt Finnsj\u00f6n)<\/td><td>Herrar<\/td><td>10:40<\/td><\/tr><tr><td>5,6 km  (1 varv runt Finnsj\u00f6n)<\/td><td>Motion och g\u00e5ng<\/td><td>10:40<\/td><\/tr><tr><td>11,2 km  (2 varv runt Finnsj\u00f6n)<\/td><td>Damer l\u00e5ng<\/td><td>10:30<\/td><\/tr><tr><td>11,2 km  (2 varv runt Finnsj\u00f6n)<\/td><td>Herrar l\u00e5ng<\/td><td>10:30<\/td><\/tr><\/tbody><\/table><\/figure>\n\n\n\n<h2 class=\"wp-block-heading\">Startavgift<\/h2>\n\n\n\n<p>Vuxna 200 kr, barn och ungdomar upp till 16 \u00e5r 100 kr. Medlemmar i Sj\u00f6valla FK halva priset. Efteranm\u00e4lan p\u00e5 t\u00e4vlingsdagen 50 % extra.<\/p>\n\n\n\n<p>I startavgiften ing\u00e5r soppa med br\u00f6d efter loppet. <\/p>\n\n\n\n<h2 class=\"wp-block-heading\">Anm\u00e4lan<\/h2>\n\n\n\n<p>Ordinarie anm\u00e4lan g\u00f6rs senast den 15 december<a href=\"https:\/\/forms.gle\/LZ4szgWDXt61D4pCA\"> i f\u00f6ljande formul\u00e4r<\/a>. Anm\u00e4lan \u00e4r giltig f\u00f6rst efter att startavgiften betalats. Avgiften kan betalas antingen med Swish till nummer 123 411 30 80 (Sj\u00f6valla Orientering) eller till bankgiro 5617-2570 (Sj\u00f6valla FK). Ange ditt namn och klass vid betalning. Det g\u00e5r bra att betala f\u00f6r flera anm\u00e4lningar p\u00e5 en g\u00e5ng och i s\u00e5 fall kan man vid behov skicka ett e-brev till kontaktadressen l\u00e4ngst ned och ange vilka som betalningen g\u00e4ller.<\/p>\n\n\n\n<p>Efteranm\u00e4lan p\u00e5 plats p\u00e5 t\u00e4vlingsdagen fr\u00e5n klockan 9.00 med 50 % h\u00f6gre anm\u00e4lningsavgift. Betalning med Swish eller kontant.<\/p>\n\n\n\n<h2 class=\"wp-block-heading\">Startlista<\/h2>\n\n\n\n<p><a href=\"https:\/\/ext.nytatime.se\/race\/?race=MB2NZenq8BNA8Bsoo&amp;startlist=1\">Finns h\u00e4r.<\/a> <\/p>\n\n\n\n<h2 class=\"wp-block-heading\">Resultat<\/h2>\n\n\n\n<p> <a href=\"https:\/\/ext.nytatime.se\/race\/?race=MB2NZenq8BNA8Bsoo\">Resultatlista 2023<\/a> <\/p>\n\n\n\n<h2 class=\"wp-block-heading\">Ta sig till t\u00e4vlingen<\/h2>\n\n\n\n<p>Vi rekommenderar att du tar cykeln. Den tar dig \u00e4nda fram till t\u00e4vlingscentrum. N\u00e4rmsta h\u00e5llplats f\u00f6r kollektivtrafiken \u00e4r <a href=\"https:\/\/maps.app.goo.gl\/JsdteKJTzFcUn3y66\">R\u00e5stensv\u00e4gen<\/a> som man n\u00e5r med buss 1 eller 2 fr\u00e5n M\u00f6lnlycketerminalen. D\u00e4rifr\u00e5n \u00e4r det 1300 m till fots till t\u00e4vlingscentrum. Om du beh\u00f6ver ta bilen s\u00e5 \u00e4r <a href=\"https:\/\/maps.app.goo.gl\/WHjarPrDvVR8ziwh7\">huvudparkeringen vid Finnsj\u00f6ns f\u00f6rskola<\/a>. D\u00e4rifr\u00e5n \u00e4r det 850 m till fots till t\u00e4vlingscentrum. Om denna \u00e4r full s\u00e5 f\u00f6lj parkeringsv\u00e4rdarnas instruktioner f\u00f6r att hitta alternativ parkeringsplats. Det \u00e4r absolut f\u00f6rbjudet att parkera l\u00e4ngs Finnsj\u00f6v\u00e4gen som g\u00e5r fr\u00e5n parkeringen till t\u00e4vlingscentrum.<\/p>\n\n\n\n<h2 class=\"wp-block-heading\">Kontakt<\/h2>\n\n\n\n<p>T\u00e4vlingsledarna n\u00e5s p\u00e5 <a href=\"mailto:finnsjonrunt.orientering@sjovalla.se\">finnsjonrunt.orientering@sjovalla.se<\/a>.<\/p>\n","protected":false},"excerpt":{"rendered":"<p>T\u00e4vlingscentrum Finnsj\u00f6g\u00e5rden, Finnsj\u00f6v\u00e4gen 12 i M\u00f6lnlycke Datum 16 december 2023 Distanser, klasser och starttider Distans Klass Starttid 1,1 km Flickor [&hellip;]<\/p>\n","protected":false},"author":17,"featured_media":0,"parent":17,"menu_order":0,"comment_status":"closed","ping_status":"closed","template":"","meta":{"footnotes":""},"class_list":["post-836","page","type-page","status-publish","hentry"],"_links":{"self":[{"href":"https:\/\/www.sjovalla.se\/index.php\/wp-json\/wp\/v2\/pages\/836","targetHints":{"allow":["GET"]}}],"collection":[{"href":"https:\/\/www.sjovalla.se\/index.php\/wp-json\/wp\/v2\/pages"}],"about":[{"href":"https:\/\/www.sjovalla.se\/index.php\/wp-json\/wp\/v2\/types\/page"}],"author":[{"embeddable":true,"href":"https:\/\/www.sjovalla.se\/index.php\/wp-json\/wp\/v2\/users\/17"}],"replies":[{"embeddable":true,"href":"https:\/\/www.sjovalla.se\/index.php\/wp-json\/wp\/v2\/comments?post=836"}],"version-history":[{"count":17,"href":"https:\/\/www.sjovalla.se\/index.php\/wp-json\/wp\/v2\/pages\/836\/revisions"}],"predecessor-version":[{"id":900,"href":"https:\/\/www.sjovalla.se\/index.php\/wp-json\/wp\/v2\/pages\/836\/revisions\/900"}],"up":[{"embeddable":true,"href":"https:\/\/www.sjovalla.se\/index.php\/wp-json\/wp\/v2\/pages\/17"}],"wp:attachment":[{"href":"https:\/\/www.sjovalla.se\/index.php\/wp-json\/wp\/v2\/media?parent=836"}],"curies":[{"name":"wp","href":"https:\/\/api.w.org\/{rel}","templated":true}]}}