{"id":492,"date":"2022-12-11T23:40:45","date_gmt":"2022-12-11T22:40:45","guid":{"rendered":"https:\/\/www.sjovalla.se\/?page_id=492"},"modified":"2026-04-01T12:23:02","modified_gmt":"2026-04-01T10:23:02","slug":"volleyboll","status":"publish","type":"page","link":"https:\/\/www.sjovalla.se\/index.php\/sektioner\/volleyboll\/","title":{"rendered":"Volleyboll"},"content":{"rendered":"\n<p>V\u00e4lkommen till Sj\u00f6valla&#8217;s Volleyboll sektion. F\u00f6r tillf\u00e4llet ( 2026) s\u00e5 \u00e4r sektionen dock vilande d\u00e5 vi saknar tr\u00e4nare. Om du har intresse att dra ig\u00e5ng lite Volleyboll s\u00e5 h\u00f6r av dig till n\u00e5gon i Sj\u00f6valla&#8217;s styrelse. <\/p>\n\n\n\n<p><\/p>\n\n\n\n<p><\/p>\n\n\n\n<p><\/p>\n\n\n\n<h2 class=\"wp-block-heading\">Kontakt<\/h2>\n\n\n\n<p>Kontakta f\u00f6r mer information: <br><a href=\"http:\/\/frisksport.se\/\" target=\"_blank\" rel=\"noreferrer noopener\">isksport.se<\/a><\/p>\n","protected":false},"excerpt":{"rendered":"<p>V\u00e4lkommen till Sj\u00f6valla&#8217;s Volleyboll sektion. F\u00f6r tillf\u00e4llet ( 2026) s\u00e5 \u00e4r sektionen dock vilande d\u00e5 vi saknar tr\u00e4nare. Om du [&hellip;]<\/p>\n","protected":false},"author":1,"featured_media":0,"parent":230,"menu_order":0,"comment_status":"closed","ping_status":"closed","template":"","meta":{"footnotes":""},"class_list":["post-492","page","type-page","status-publish","hentry"],"_links":{"self":[{"href":"https:\/\/www.sjovalla.se\/index.php\/wp-json\/wp\/v2\/pages\/492","targetHints":{"allow":["GET"]}}],"collection":[{"href":"https:\/\/www.sjovalla.se\/index.php\/wp-json\/wp\/v2\/pages"}],"about":[{"href":"https:\/\/www.sjovalla.se\/index.php\/wp-json\/wp\/v2\/types\/page"}],"author":[{"embeddable":true,"href":"https:\/\/www.sjovalla.se\/index.php\/wp-json\/wp\/v2\/users\/1"}],"replies":[{"embeddable":true,"href":"https:\/\/www.sjovalla.se\/index.php\/wp-json\/wp\/v2\/comments?post=492"}],"version-history":[{"count":10,"href":"https:\/\/www.sjovalla.se\/index.php\/wp-json\/wp\/v2\/pages\/492\/revisions"}],"predecessor-version":[{"id":1235,"href":"https:\/\/www.sjovalla.se\/index.php\/wp-json\/wp\/v2\/pages\/492\/revisions\/1235"}],"up":[{"embeddable":true,"href":"https:\/\/www.sjovalla.se\/index.php\/wp-json\/wp\/v2\/pages\/230"}],"wp:attachment":[{"href":"https:\/\/www.sjovalla.se\/index.php\/wp-json\/wp\/v2\/media?parent=492"}],"curies":[{"name":"wp","href":"https:\/\/api.w.org\/{rel}","templated":true}]}}