{"id":467,"date":"2022-12-11T23:01:09","date_gmt":"2022-12-11T22:01:09","guid":{"rendered":"https:\/\/www.sjovalla.se\/?page_id=467"},"modified":"2023-03-28T22:19:08","modified_gmt":"2023-03-28T20:19:08","slug":"detta-ar-sjovalla-fk","status":"publish","type":"page","link":"https:\/\/www.sjovalla.se\/index.php\/om-oss\/detta-ar-sjovalla-fk\/","title":{"rendered":"Detta \u00e4r Sj\u00f6valla FK"},"content":{"rendered":"\n<p>Sj\u00f6valla Frisksportklubb \u00e4r en ideell f\u00f6rening, vars syfte \u00e4r att erbjuda medlemmar m\u00f6jlighet att genom regelbunden motion, r\u00e4tt kost och en i \u00f6vrigt sund livsf\u00f6ring under kamratlig samvaro uppn\u00e5 och beh\u00e5lla en god h\u00e4lsa b\u00e5de fysiskt och psykiskt.<\/p>\n\n\n\n<p>Klubben v\u00e4rnar frisksportr\u00f6relsens id\u00e9er och fokuserar inte i f\u00f6rsta hand p\u00e5 idrottsliga resultat utan mera p\u00e5 att man, genom att vara aktiv i den eller de typer av idrottsaktiviteter man kan vara intresserad av, ska h\u00e5lla sig i god form. Det \u00e4r naturligtvis roligt och stimulerande om medlemmarna kan prestera goda resultat, men \u00e4n viktigare \u00e4r att man, genom att ha roligt tillsammans i olika aktiviteter, ska ha en harmonisk tillvaro. Aktiviteter i klubben \u00e4r d\u00e4rf\u00f6r inte enbart idrottsliga utan en hel del trivselaktiviteter kan ocks\u00e5 f\u00f6rekomma. Tv\u00e5 uttryck som myntats i klubben \u00e5sk\u00e5dligg\u00f6r detta p\u00e5 ett tydligt s\u00e4tt:<\/p>\n\n\n\n<blockquote class=\"wp-block-quote is-layout-flow wp-block-quote-is-layout-flow\">\n<p>&#8221;Sj\u00f6valla, den roligaste klubben\u201d<\/p>\n<\/blockquote>\n\n\n\n<p>och<\/p>\n\n\n\n<blockquote class=\"wp-block-quote is-layout-flow wp-block-quote-is-layout-flow\">\n<p>\u201dI Sj\u00f6valla \u00e4r det till\u00e5tet att komma sist\u201d<\/p>\n<\/blockquote>\n\n\n\n<p>V\u00e5r verksamhet baserar sig p\u00e5 demokrati, delaktighet och j\u00e4mst\u00e4lldhet. Alla som deltar f\u00e5r i demokratiska former vara med och best\u00e4mma om och ta ansvar f\u00f6r sin verksamhet.<\/p>\n\n\n\n<p>All verksamhet i klubbens regi ska vara fri fr\u00e5n tobak, alkohol och andra droger. F\u00f6r medlemmar som \u00e4r under 18 \u00e5r g\u00e4ller detta \u00e4ven vid sidan om klubbens verksamhet. \u00d6vriga medlemmar, som s\u00e5 \u00f6nskar, kan v\u00e4lja att avge det s.k. frisksportl\u00f6ftet och anger d\u00e5 detta vid betalningen av medlemsavgiften. Vi tar vidare avst\u00e5nd fr\u00e5n all typ av doping och spelmissbruk liksom ocks\u00e5 mobbing, v\u00e5ld och kr\u00e4nkningar.<\/p>\n\n\n\n<p>Klubben erbjuder i de olika sektionerna f\u00f6r fotboll, orientering, trampolin, volleyboll, skateboard, skid\u00e5kning samt mountainbike ett brett utbud av aktiviteter. Vi v\u00e4lkomnar alla, oavsett \u00e5lder, k\u00f6n, religion, sexuell l\u00e4ggning, hudf\u00e4rg och funktionsvariationer. F\u00f6rutom detta finns f\u00f6r v\u00e5ra seniorer regelbundet en motions- och bastudag, stavg\u00e5ng, bridge mm. Till detta kommer ocks\u00e5 aktiviteter av eng\u00e5ngsnatur inom kultur och andra omr\u00e5den. M\u00e5nga medlemmar och familjer i klubben deltar i det varje sommar \u00e5terkommande riksl\u00e4gret n\u00e5gonstans i Sverige, d\u00e4r frisksportare i alla \u00e5ldrar fr\u00e5n hela landet tr\u00e4ffas, trivs och har roligt i aktiviteter av alla de slag.<\/p>\n\n\n\n<p>Klubbens verksamhet \u00e4r i huvudsak f\u00f6rlagt till M\u00f6lnlycke, n\u00e5gon mil \u00f6ster om G\u00f6teborg. Stor del av verksamheten cirkulerar kring v\u00e5r egen klubbstuga, Finnsj\u00f6g\u00e5rden, vackert bel\u00e4gen vid Finnsj\u00f6ns strand. Fotbollsektionen har en lokal vid fotbollsplanerna i Djupedals\u00e4ng. Trampolinhopparna och skateboard\u00e5karna huserar i lokaler i M\u00f6lnlycke Fabriker och volleybollspelarna samlas i Djupedalsskolan.<\/p>\n\n\n\n<p>Klubben \u00e4r ansluten till Svenska Frisksportf\u00f6rbundet. Frisksport \u00e4r en id\u00e9 om hur vi ska leva f\u00f6r att m\u00e5 bra och ha kul tillsammans och kan formuleras enligt f\u00f6ljande:<\/p>\n\n\n\n<ul class=\"wp-block-list\">\n<li>F\u00f6r att <strong>du<\/strong> ska m\u00e5 bra m\u00e5ste du r\u00f6ra p\u00e5 dig, \u00e4ta nyttigt och undvika droger<\/li>\n<\/ul>\n\n\n\n<ul class=\"wp-block-list\">\n<li>F\u00f6r att <strong>vi<\/strong> ska m\u00e5 bra m\u00e5ste vi dela upplevelser och g\u00f6ra roliga saker tillsammans<\/li>\n<\/ul>\n\n\n\n<ul class=\"wp-block-list\">\n<li>F\u00f6r att <strong>alla<\/strong> ska m\u00e5 bra m\u00e5ste vi hj\u00e4lpas \u00e5t. Ta ansvar f\u00f6r v\u00e5r milj\u00f6 och f\u00f6r jordens \u00f6verlevnad. Vara \u00f6ppen f\u00f6r andra m\u00e4nniskor och kulturer f\u00f6r att \u00f6ka m\u00f6jligheterna f\u00f6r alla att leva i fred med varandra, s\u00e5v\u00e4l lokalt som globalt<\/li>\n<\/ul>\n\n\n\n<p>Vill du veta mer om Frisksport h\u00e4nvisar vi till Svenska Frisksportf\u00f6rbundets hemsida, <a href=\"http:\/\/www.frisksport.se\">www.frisksport.se<\/a>.<\/p>\n","protected":false},"excerpt":{"rendered":"<p>Sj\u00f6valla Frisksportklubb \u00e4r en ideell f\u00f6rening, vars syfte \u00e4r att erbjuda medlemmar m\u00f6jlighet att genom regelbunden motion, r\u00e4tt kost och [&hellip;]<\/p>\n","protected":false},"author":1,"featured_media":0,"parent":109,"menu_order":1,"comment_status":"closed","ping_status":"closed","template":"","meta":{"footnotes":""},"class_list":["post-467","page","type-page","status-publish","hentry"],"_links":{"self":[{"href":"https:\/\/www.sjovalla.se\/index.php\/wp-json\/wp\/v2\/pages\/467","targetHints":{"allow":["GET"]}}],"collection":[{"href":"https:\/\/www.sjovalla.se\/index.php\/wp-json\/wp\/v2\/pages"}],"about":[{"href":"https:\/\/www.sjovalla.se\/index.php\/wp-json\/wp\/v2\/types\/page"}],"author":[{"embeddable":true,"href":"https:\/\/www.sjovalla.se\/index.php\/wp-json\/wp\/v2\/users\/1"}],"replies":[{"embeddable":true,"href":"https:\/\/www.sjovalla.se\/index.php\/wp-json\/wp\/v2\/comments?post=467"}],"version-history":[{"count":5,"href":"https:\/\/www.sjovalla.se\/index.php\/wp-json\/wp\/v2\/pages\/467\/revisions"}],"predecessor-version":[{"id":743,"href":"https:\/\/www.sjovalla.se\/index.php\/wp-json\/wp\/v2\/pages\/467\/revisions\/743"}],"up":[{"embeddable":true,"href":"https:\/\/www.sjovalla.se\/index.php\/wp-json\/wp\/v2\/pages\/109"}],"wp:attachment":[{"href":"https:\/\/www.sjovalla.se\/index.php\/wp-json\/wp\/v2\/media?parent=467"}],"curies":[{"name":"wp","href":"https:\/\/api.w.org\/{rel}","templated":true}]}}