{"id":286,"date":"2022-11-11T19:51:53","date_gmt":"2022-11-11T18:51:53","guid":{"rendered":"https:\/\/www.sjovalla.se\/?page_id=286"},"modified":"2023-02-19T07:18:28","modified_gmt":"2023-02-19T06:18:28","slug":"seniorerna","status":"publish","type":"page","link":"https:\/\/www.sjovalla.se\/index.php\/sektioner\/seniorerna\/","title":{"rendered":"Seniorerna"},"content":{"rendered":"\n<p><strong>Det \u00e4r roligt att vara senior i Sj\u00f6valla<\/strong><\/p>\n\n\n\n<p>Det finns m\u00e4ngder med aktiviteter som du kan delta i &#8211; t.ex. vandringar, stavg\u00e5ng, l\u00f6ptr\u00e4ning, bowling, orientering, bridge, trivselaftnar, fika, bastubad och fixardagar p\u00e5 Finnsj\u00f6g\u00e5rden &#8211; ja, listan kan g\u00f6ras hur l\u00e5ng som helst.<\/p>\n\n\n\n<p>Varf\u00f6r inte kontakta oss och prova dig fram? Som sagt &#8211; det finns allt fr\u00e5n tr\u00e4ning och t\u00e4vling till sociala aktiviteter, administrativa uppgifter som du kan sk\u00f6ta p\u00e5 plats eller hemma med mera.<\/p>\n\n\n\n<p>V\u00e4lkommen till oss i Sj\u00f6valla Frisksportklubb<\/p>\n\n\n\n<div style=\"height:15px\" aria-hidden=\"true\" class=\"wp-block-spacer\"><\/div>\n\n\n\n<figure class=\"wp-block-image size-large is-resized\"><img loading=\"lazy\" decoding=\"async\" src=\"https:\/\/www.sjovalla.se\/wp-content\/uploads\/2022\/11\/skorstensarbete-1024x768.jpg\" alt=\"\" class=\"wp-image-287\" width=\"599\" height=\"449\" srcset=\"https:\/\/www.sjovalla.se\/wp-content\/uploads\/2022\/11\/skorstensarbete-1024x768.jpg 1024w, https:\/\/www.sjovalla.se\/wp-content\/uploads\/2022\/11\/skorstensarbete-300x225.jpg 300w, https:\/\/www.sjovalla.se\/wp-content\/uploads\/2022\/11\/skorstensarbete-768x576.jpg 768w, https:\/\/www.sjovalla.se\/wp-content\/uploads\/2022\/11\/skorstensarbete-1536x1152.jpg 1536w, https:\/\/www.sjovalla.se\/wp-content\/uploads\/2022\/11\/skorstensarbete-2048x1536.jpg 2048w, https:\/\/www.sjovalla.se\/wp-content\/uploads\/2022\/11\/skorstensarbete-1020x765.jpg 1020w\" sizes=\"auto, (max-width: 599px) 100vw, 599px\" \/><figcaption class=\"wp-element-caption\">Jukka fixar skorstenen p\u00e5 Finnsj\u00f6g\u00e5rden<\/figcaption><\/figure>\n\n\n\n<hr class=\"wp-block-separator has-alpha-channel-opacity\"\/>\n\n\n\n<h2 class=\"wp-block-heading\">Torsdagsgruppen<\/h2>\n\n\n\n<p>P\u00e5 torsdagar tr\u00e4ffas Sj\u00f6vallas seniorer vid Finnsj\u00f6g\u00e5rden f\u00f6r olika motionsaktiveteter antingen i grupp eller enskilt.<\/p>\n\n\n\n<p>Vi tr\u00e4ffas klockan 10 men n\u00e5gra brukar vara d\u00e4r lite tidigare f\u00f6r att kunna ta en rej\u00e4l runda. D\u00e4refter \u00e4r det dags f\u00f6r bastu f\u00f6r de som k\u00e4nner f\u00f6r detta. Vi avslutar det hela med gemensam fika.<\/p>\n\n\n\n<p>Mer information om kommande aktiveteter hittar ni som inl\u00e4gg p\u00e5 hemsidan &#8211; hittas till exempel p\u00e5 startsidan. V\u00e4lkomna!<\/p>\n\n\n\n<h2 class=\"wp-block-heading\">Stavg\u00e5ng<\/h2>\n\n\n\n<p>P\u00e5 m\u00e5ndagar tr\u00e4ffas vi n\u00e5gra minuter f\u00f6r klockan 10 f\u00f6r stavg\u00e5ng tillsammans.<br>Administrativ ledare: Claes Green<\/p>\n\n\n\n<p>Samlingsplats f\u00f6r respektive tr\u00e4ff meddelas via inl\u00e4gg p\u00e5 hemsidan. <\/p>\n\n\n\n<hr class=\"wp-block-separator has-alpha-channel-opacity\"\/>\n\n\n\n<h2 class=\"wp-block-heading\">Kontakta oss<\/h2>\n\n\n\n<p>Christer Berg: 031 883441<\/p>\n","protected":false},"excerpt":{"rendered":"<p>Det \u00e4r roligt att vara senior i Sj\u00f6valla Det finns m\u00e4ngder med aktiviteter som du kan delta i &#8211; t.ex. [&hellip;]<\/p>\n","protected":false},"author":1,"featured_media":0,"parent":230,"menu_order":0,"comment_status":"closed","ping_status":"closed","template":"","meta":{"footnotes":""},"class_list":["post-286","page","type-page","status-publish","hentry"],"_links":{"self":[{"href":"https:\/\/www.sjovalla.se\/index.php\/wp-json\/wp\/v2\/pages\/286","targetHints":{"allow":["GET"]}}],"collection":[{"href":"https:\/\/www.sjovalla.se\/index.php\/wp-json\/wp\/v2\/pages"}],"about":[{"href":"https:\/\/www.sjovalla.se\/index.php\/wp-json\/wp\/v2\/types\/page"}],"author":[{"embeddable":true,"href":"https:\/\/www.sjovalla.se\/index.php\/wp-json\/wp\/v2\/users\/1"}],"replies":[{"embeddable":true,"href":"https:\/\/www.sjovalla.se\/index.php\/wp-json\/wp\/v2\/comments?post=286"}],"version-history":[{"count":9,"href":"https:\/\/www.sjovalla.se\/index.php\/wp-json\/wp\/v2\/pages\/286\/revisions"}],"predecessor-version":[{"id":688,"href":"https:\/\/www.sjovalla.se\/index.php\/wp-json\/wp\/v2\/pages\/286\/revisions\/688"}],"up":[{"embeddable":true,"href":"https:\/\/www.sjovalla.se\/index.php\/wp-json\/wp\/v2\/pages\/230"}],"wp:attachment":[{"href":"https:\/\/www.sjovalla.se\/index.php\/wp-json\/wp\/v2\/media?parent=286"}],"curies":[{"name":"wp","href":"https:\/\/api.w.org\/{rel}","templated":true}]}}