{"id":273,"date":"2022-11-10T19:37:40","date_gmt":"2022-11-10T18:37:40","guid":{"rendered":"https:\/\/www.sjovalla.se\/?page_id=273"},"modified":"2026-03-06T20:36:00","modified_gmt":"2026-03-06T19:36:00","slug":"goteborgsvarvet","status":"publish","type":"page","link":"https:\/\/www.sjovalla.se\/index.php\/arrangemang\/goteborgsvarvet\/","title":{"rendered":"G\u00f6teborgsvarvet"},"content":{"rendered":"\n<p>Sj\u00f6valla Frisksportklubb brukar \u00e5rligen vara med som funktion\u00e4rer vid v\u00e4tskestationen p\u00e5 Ostindiegatan under G\u00f6teborgsvarvet (normalt under maj m\u00e5nad). Denna aktivitet \u00e4r dels viktig ur ett ekonomiskt perspektiv f\u00f6r v\u00e5r f\u00f6rening, dels v\u00e4ldigt rolig f\u00f6r dom som \u00e4r med och hj\u00e4lper till. De flesta som varit med tidigare vill vara med igen eftersom det \u00e4r en s\u00e5dan h\u00e4ftig upplevelse. <\/p>\n\n\n\n<p><strong>L\u00f6rdagen den 23 maj<\/strong> \u00e4r det dags f\u00f6r <strong>G\u00f6teborgsvarvet 2026<\/strong> &#8211; och Sj\u00f6valla FK \u00e4r som vanligt med som funktion\u00e4rer vid v\u00e4tskestation vid Ostindiegatan.<\/p>\n\n\n\n<p>Detta \u00e4r en aktivitet som b\u00e5de \u00e4r rolig att vara med p\u00e5 samt viktig ur ekonomisk synvinkel f\u00f6r v\u00e5r f\u00f6rening.<\/p>\n\n\n\n<p>Du beh\u00f6ver vara f\u00f6dd 2010 eller tidigare.<\/p>\n\n\n\n<p><a href=\"https:\/\/docs.google.com\/forms\/d\/e\/1FAIpQLSemvAV8piSp_vANgXUHqBZSTJTN60xrOy1AgT3lYpIKYUHbJQ\/viewform?usp=header\">Anm\u00e4l dig h\u00e4r: <\/a><\/p>\n\n\n\n<figure class=\"wp-block-table\"><table><tbody><tr><td><strong>Plats:<\/strong><strong><\/strong><\/td><td>V\u00e4stra \u00e4nden av Ostindiegatan<\/td><\/tr><tr><td><strong>\u00a0Tider:<\/strong><\/td><td><strong>12.00<\/strong>&nbsp;Utdelning jackor\/tr\u00f6ja (alla)<\/td><\/tr><tr><td><strong>&nbsp;<\/strong><\/td><td><strong>12.30&nbsp;<\/strong>Samling och information (alla)<\/td><\/tr><tr><td><strong>&nbsp;<\/strong><strong><\/strong><\/td><td><strong>13.00<\/strong>&nbsp;F\u00f6rsta startgruppen startar, ca 12 min senare passerar dom v\u00e5r station (alla)<\/td><\/tr><tr><td><strong>&nbsp;<\/strong><strong><\/strong><\/td><td><strong>16.15<\/strong>&nbsp;Sista startgruppen startar, ca 30 min senare har alla passerat oss (alla)<\/td><\/tr><tr><td><strong>&nbsp;<\/strong><strong><\/strong><\/td><td>Ca&nbsp;<strong>17.45<\/strong>&nbsp;F\u00e4rdigst\u00e4dat, v\u00e5rt uppdrag \u00e4r inte slut f\u00f6rr\u00e4n alla muggar vi delat ut \u00e4r uppkrattade igen. (alla)<\/td><\/tr><tr><td><strong>Kl\u00e4dsel:<\/strong><\/td><td>Funktion\u00e4rsjackorna\/tr\u00f6jor som delas ut n\u00e4r ni kommer. En jacka per person.<\/td><\/tr><tr><td><strong>Mat:<\/strong><\/td><td>Det kommer att finnas en vegetarisk baguette som man \u00e4ter n\u00e4r man vill. Tyv\u00e4rr finns ingen m\u00f6jlighet f\u00f6r att f\u00e5 specialkost. S\u00e5 har du allergier ta g\u00e4rna med n\u00e5got \u00e4tbart. Ta g\u00e4rna med dig n\u00e5got mer att \u00e4ta tex frukt, f\u00f6r man hinner bli hungrig innan vi \u00e4r f\u00e4rdiga.<\/td><\/tr><tr><td><strong>Parkering:<\/strong><\/td><td>Det \u00e4r sv\u00e5rt att hitta parkering, s\u00e5 var ute i god tid om ni tar bil.<\/td><\/tr><\/tbody><\/table><\/figure>\n\n\n\n<p>Har du fr\u00e5gor eller funderingar kan du h\u00f6ra av dig till Lisa Larsson, lisaiskogen@telia.com<\/p>\n\n\n\n<p><\/p>\n","protected":false},"excerpt":{"rendered":"<p>Sj\u00f6valla Frisksportklubb brukar \u00e5rligen vara med som funktion\u00e4rer vid v\u00e4tskestationen p\u00e5 Ostindiegatan under G\u00f6teborgsvarvet (normalt under maj m\u00e5nad). Denna aktivitet [&hellip;]<\/p>\n","protected":false},"author":1,"featured_media":0,"parent":17,"menu_order":0,"comment_status":"closed","ping_status":"closed","template":"","meta":{"footnotes":""},"class_list":["post-273","page","type-page","status-publish","hentry"],"_links":{"self":[{"href":"https:\/\/www.sjovalla.se\/index.php\/wp-json\/wp\/v2\/pages\/273","targetHints":{"allow":["GET"]}}],"collection":[{"href":"https:\/\/www.sjovalla.se\/index.php\/wp-json\/wp\/v2\/pages"}],"about":[{"href":"https:\/\/www.sjovalla.se\/index.php\/wp-json\/wp\/v2\/types\/page"}],"author":[{"embeddable":true,"href":"https:\/\/www.sjovalla.se\/index.php\/wp-json\/wp\/v2\/users\/1"}],"replies":[{"embeddable":true,"href":"https:\/\/www.sjovalla.se\/index.php\/wp-json\/wp\/v2\/comments?post=273"}],"version-history":[{"count":15,"href":"https:\/\/www.sjovalla.se\/index.php\/wp-json\/wp\/v2\/pages\/273\/revisions"}],"predecessor-version":[{"id":1214,"href":"https:\/\/www.sjovalla.se\/index.php\/wp-json\/wp\/v2\/pages\/273\/revisions\/1214"}],"up":[{"embeddable":true,"href":"https:\/\/www.sjovalla.se\/index.php\/wp-json\/wp\/v2\/pages\/17"}],"wp:attachment":[{"href":"https:\/\/www.sjovalla.se\/index.php\/wp-json\/wp\/v2\/media?parent=273"}],"curies":[{"name":"wp","href":"https:\/\/api.w.org\/{rel}","templated":true}]}}