{"id":272,"date":"2022-11-10T19:37:11","date_gmt":"2022-11-10T18:37:11","guid":{"rendered":"https:\/\/www.sjovalla.se\/?page_id=272"},"modified":"2023-11-07T23:26:10","modified_gmt":"2023-11-07T22:26:10","slug":"finnsjon-runt-2019","status":"publish","type":"page","link":"https:\/\/www.sjovalla.se\/index.php\/arrangemang\/finnsjon-runt-2019\/","title":{"rendered":"Finnsj\u00f6n runt 2019"},"content":{"rendered":"\n<p>Sj\u00f6valla FK tackar \u00e5rets deltagare!<\/p>\n\n\n\n<h3 class=\"wp-block-heading\">D10 1100m<\/h3>\n\n\n\n<figure class=\"wp-block-table\"><table><tbody><tr><td>1<\/td><td>Freja Hassel<\/td><td>Klubbl\u00f6s<\/td><td>6.41<\/td><\/tr><\/tbody><\/table><\/figure>\n\n\n\n<h3 class=\"wp-block-heading\">H10 1100m<\/h3>\n\n\n\n<figure class=\"wp-block-table\"><table><tbody><tr><td>1<\/td><td>Max Henriksson<\/td><td>Klubbl\u00f6s<\/td><td>5.02<\/td><\/tr><tr><td>2<\/td><td>Felix Ehlers<\/td><td>Sj\u00f6valla FK<\/td><td>5.23<\/td><\/tr><tr><td>3<\/td><td>Jonas Ehlers<\/td><td>Sj\u00f6valla FK<\/td><td>7.03<\/td><\/tr><tr><td>4<\/td><td>Isak Ehlers<\/td><td>Sj\u00f6valla FK<\/td><td>8.02<\/td><\/tr><\/tbody><\/table><\/figure>\n\n\n\n<h3 class=\"wp-block-heading\">H14 5600m<\/h3>\n\n\n\n<figure class=\"wp-block-table\"><table><tbody><tr><td>1<\/td><td>Fabian Alinder<\/td><td>Sj\u00f6valla FK<\/td><td>23.36<\/td><\/tr><tr><td>2<\/td><td>Linus Alinder<\/td><td>Sj\u00f6valla FK<\/td><td>26.01<\/td><\/tr><\/tbody><\/table><\/figure>\n\n\n\n<h3 class=\"wp-block-heading\">H16 5600m<\/h3>\n\n\n\n<figure class=\"wp-block-table\"><table><tbody><tr><td>1<\/td><td>Hannes Essunger<\/td><td>Sj\u00f6valla FK<\/td><td>26.30<\/td><\/tr><\/tbody><\/table><\/figure>\n\n\n\n<h3 class=\"wp-block-heading\">Dam 5600m<\/h3>\n\n\n\n<figure class=\"wp-block-table\"><table><tbody><tr><td>1<\/td><td>Camilla Berggren<\/td><td>FK Herkules<\/td><td>23.44<\/td><\/tr><tr><td>2<\/td><td>Jenny Ljungberg<\/td><td>Sj\u00f6valla FK<\/td><td>32.46<\/td><\/tr><tr><td>3<\/td><td>Marie Rudenholm<\/td><td>Klubbl\u00f6s<\/td><td>33.16<\/td><\/tr><\/tbody><\/table><\/figure>\n\n\n\n<h3 class=\"wp-block-heading\">Herr motion 5600m<\/h3>\n\n\n\n<figure class=\"wp-block-table\"><table><tbody><tr><td>1<\/td><td>Mattias N\u00e4slund<\/td><td>\u00d6IS<\/td><td>24.14<\/td><\/tr><tr><td>2<\/td><td>Magnus Alinder<\/td><td>Sj\u00f6valla FK<\/td><td>24.50<\/td><\/tr><tr><td>3<\/td><td>Bj\u00f6rn Samuelsson<\/td><td>Klubbl\u00f6s<\/td><td>26.31<\/td><\/tr><tr><td>4<\/td><td>Claes Engstr\u00f6m<\/td><td>Sj\u00f6valla FK<\/td><td>31.05<\/td><\/tr><\/tbody><\/table><\/figure>\n\n\n\n<h3 class=\"wp-block-heading\">Herr\/Dam t\u00e4vlingsklass 11200m<\/h3>\n\n\n\n<figure class=\"wp-block-table\"><table><tbody><tr><td>1<\/td><td>Svante Lundgren<\/td><td>Klubbl\u00f6s<\/td><td>53.03<\/td><\/tr><tr><td>2<\/td><td>Johan Zachrisson<\/td><td>Klubbl\u00f6s<\/td><td>56.16<\/td><\/tr><tr><td>3<\/td><td>Petter Jonasson<\/td><td>H\u00e4rryda kraftsp.kl.<\/td><td>61.45<\/td><\/tr><tr><td>4<\/td><td>Elin Blomqvist<\/td><td>H\u00e4rryda kraftsp.kl.<\/td><td>61.52<\/td><\/tr><tr><td>5<\/td><td>Magnus Uppstr\u00f6m<\/td><td>FK Herkules<\/td><td>63.45<\/td><\/tr><tr><td>6<\/td><td>Niklas Axelsson<\/td><td>Klubbl\u00f6s<\/td><td>73.46<\/td><\/tr><\/tbody><\/table><\/figure>\n","protected":false},"excerpt":{"rendered":"<p>Sj\u00f6valla FK tackar \u00e5rets deltagare! D10 1100m 1 Freja Hassel Klubbl\u00f6s 6.41 H10 1100m 1 Max Henriksson Klubbl\u00f6s 5.02 2 [&hellip;]<\/p>\n","protected":false},"author":1,"featured_media":0,"parent":17,"menu_order":0,"comment_status":"closed","ping_status":"closed","template":"","meta":{"footnotes":""},"class_list":["post-272","page","type-page","status-publish","hentry"],"_links":{"self":[{"href":"https:\/\/www.sjovalla.se\/index.php\/wp-json\/wp\/v2\/pages\/272","targetHints":{"allow":["GET"]}}],"collection":[{"href":"https:\/\/www.sjovalla.se\/index.php\/wp-json\/wp\/v2\/pages"}],"about":[{"href":"https:\/\/www.sjovalla.se\/index.php\/wp-json\/wp\/v2\/types\/page"}],"author":[{"embeddable":true,"href":"https:\/\/www.sjovalla.se\/index.php\/wp-json\/wp\/v2\/users\/1"}],"replies":[{"embeddable":true,"href":"https:\/\/www.sjovalla.se\/index.php\/wp-json\/wp\/v2\/comments?post=272"}],"version-history":[{"count":6,"href":"https:\/\/www.sjovalla.se\/index.php\/wp-json\/wp\/v2\/pages\/272\/revisions"}],"predecessor-version":[{"id":334,"href":"https:\/\/www.sjovalla.se\/index.php\/wp-json\/wp\/v2\/pages\/272\/revisions\/334"}],"up":[{"embeddable":true,"href":"https:\/\/www.sjovalla.se\/index.php\/wp-json\/wp\/v2\/pages\/17"}],"wp:attachment":[{"href":"https:\/\/www.sjovalla.se\/index.php\/wp-json\/wp\/v2\/media?parent=272"}],"curies":[{"name":"wp","href":"https:\/\/api.w.org\/{rel}","templated":true}]}}